l?
9
Let q be (-315)/42*4/(-6). Suppose -l - q*g - 10 = -118, -203 = -2*l + 3*g. What is the tens digit of l?
0
What is the tens digit of 7/2*177/(-3)*-6?
3
Suppose -5*b + 2*u = 50, -13*b + 3*u = -14*b - 27. Let h(s) = -s**3 + 7*s**2 - 4*s - 4. Let j be h(5). Let w = j + b. What is the units digit of w?
4
Let w be -1 + (-2)/(-4)*14. Suppose r + 2*t + w = -23, 120 = -5*r - 5*t. Let p = -1 - r. What is the tens digit of p?
1
Let i be 1/((16/68)/(-4)). Let n = 102 - i. What is the tens digit of n?
1
Suppose 0*s - s = -2*r + 2, -3*r = s - 13. Let i be 465/(-27) - 4/(-18). Let n = r - i. What is the tens digit of n?
2
Suppose -30*k + 34*k - 10513 = -3*u, -4*u = 3*k - 7883. What is the tens digit of k?
2
Let q = 322 + -141. Let g = -67 + q. What is the hundreds digit of g?
1
Suppose 2*m = 117 - 35. Let g be (56/12 - 4) + 73/3. Let f = m - g. What is the units digit of f?
6
Suppose -5*x + 211 = -2*w, -5*w + x - 310 = -2*w. What is the units digit of w*(-2 - -1) + 3?
6
Let s(c) = c - 1. Let r(h) = 4*h - 5. Let a be r(2). Let j be s(a). Suppose 0*z - j*u = z - 1, 5*u = -4*z + 7. What is the units digit of z?
3
Let c be (-1)/((-5)/25 - 0). Suppose -c*p + 26 = -584. What is the units digit of p?
2
Let y = 31 + -27. Suppose -l = -y - 2. Suppose 38 + l = v. What is the tens digit of v?
4
Let a be 0*(4 - 3 - 4/2). What is the units digit of (9 - 8) + (a + -11)*-8?
9
Let j(o) = o**3 + 3*o**2 + 3*o - 3. What is the tens digit of j(6)?
3
Let k = 24 + -8. Suppose k = 4*o - 4. Suppose 0 = o*v - v - 84. What is the units digit of v?
1
Let w be ((-2 - -2)/((-8)/8))/2. Suppose w = 4*n - 5*k - 35, n + n - 24 = -4*k. What is the units digit of n?
0
Suppose 342*r - 340*r = 8310. What is the units digit of r?
5
Let a be (5/3)/((-7)/(-777)). Let i = a + -92. Suppose -4*q - i = -3*u - 2*q, 55 = 2*u + q. What is the tens digit of u?
2
Let a be (-1078)/(-6) - (-2 - (-24)/9). Suppose -5*n - 4*c + 301 = 0, 3*n - 2*c + 6*c = a. What is the units digit of n?
1
Let m(a) = 17*a**3 + 2*a**2 + 4*a + 9. What is the tens digit of m(3)?
9
Let x(k) be the first derivative of -k**4/4 - 19*k**3/3 - 4*k**2 - 6*k + 9. What is the units digit of x(-19)?
6
Let s(h) = -h**2 + 1. Let v(k) = -k**2 - k + 8. Let d(t) = -2*s(t) + v(t). Let i be d(5). Let o = -4 + i. What is the units digit of o?
2
Let t(w) = 10*w + 199. What is the tens digit of t(0)?
9
Suppose 0 = 4*g + g - 15. Let i(s) = -s**3 + s**2 - 4*s + 5. Let z be i(g). What is the tens digit of (8 + -3)*(-145)/z?
2
Let d(y) = -y**3 + 23*y**2 - 9*y - 54. Let a be 693/(-9)*8/(-28). What is the units digit of d(a)?
2
Suppose 4*x - 15286 = -5*k, -7638 = -7*x + 5*x - 5*k. What is the tens digit of x?
2
Let q(f) be the first derivative of -f**3/6 + 13*f**2/2 - 4*f + 9. Let y(j) be the first derivative of q(j). What is the units digit of y(8)?
5
Let i(z) = -z**3 + 12*z**2 + 15*z - 5. What is the tens digit of i(9)?
7
Let f be -96*((-2)/4 + 0). Suppose 0 = -4*t - 0*t + f. Let y = t - 4. What is the units digit of y?
8
Suppose -h + 6 = 3*y, 0 = 3*y + 2*y - h - 18. Let r(s) = 14*s + 7. Let f be r(y). Let j = 90 - f. What is the tens digit of j?
4
Let u(l) = l**2 + 7*l - 4. Let k(g) = -2*g**2 - 15*g + 9. Let h(d) = -6*k(d) - 13*u(d). Let w be h(2). What is the units digit of (-6)/w - 340/(-16)?
2
Let r(m) be the second derivative of m**4/6 - m**3/6 + 27*m**2/2 - 3*m. Let f be r(0). What is the units digit of (-2)/3*f/(-18)?
1
What is the units digit of -141*(46/207 - 10/18)?
7
What is the units digit of (3 + 0 - 4) + 5385/5?
6
Suppose c = -11 - 47. Let z = 103 + c. What is the units digit of z?
5
Let l be (0 - -40) + (-6 - (-1 - 3)). Suppose -216 = 34*i - l*i. What is the tens digit of i?
5
Let z(i) be the second derivative of -1/20*i**5 + 6*i + 1/2*i**4 + 0*i**3 - 2*i**2 + 0. What is the tens digit of z(3)?
2
Let n(y) = -13*y + 7. Let x be n(-3). Suppose -2*q + 186 = -x. What is the units digit of q?
6
What is the units digit of 1*21/(-6)*1718/(-7)?
9
Let c(r) = r**2 + 4*r + 1. Let h be c(-3). Let q = -2 + h. Let i(z) = z**2 - z - 2. What is the tens digit of i(q)?
1
Let l(p) = 44*p**2 - 3*p + 1. Let u be l(2). Suppose 64 = j + x, 4*x = 3*j - 14 - u. Let n = j - 20. What is the tens digit of n?
4
Suppose 37*t - 1312 = 29*t. What is the tens digit of t?
6
Suppose 7*y = 80 + 396. Suppose c + y = 84. What is the units digit of c?
6
Let l be (-455)/(-49) - (-2)/(-7). Suppose -261 = 6*h - l*h. What is the tens digit of h?
8
What is the units digit of 851 + 1 - 27/(-14 + 23)?
9
Let o(m) = m**2 - 4*m + 10. Let s be 111/5 - (-2)/(-10). Suppose -5*n + 12 + s = 2*z, -32 = -4*z - n. What is the tens digit of o(z)?
3
Suppose -2*m + 130 = -4. Suppose m + 88 = 5*k. What is the units digit of k?
1
Suppose 0*k - 8 = -2*k. Let t be 0/(k*(-2)/(-8)). Suppose y + t*y = 10. What is the tens digit of y?
1
Suppose 2*l - 571 + 79 = 0. Suppose -4*g - l = -846. What is the tens digit of g?
5
Let z = 56 - 96. Let i = z - -137. What is the tens digit of i?
9
Let f = -971 + 1420. What is the hundreds digit of f?
4
Let n(p) = p**3 + 7*p**2 - 12*p - 6. Let f(k) = k - 21. Let l be f(13). Let i be n(l). Suppose -h - i = -3*h. What is the tens digit of h?
1
Let q = 27 - 19. What is the units digit of 6/3 + q + 72?
2
What is the hundreds digit of (-3776)/(-7) - 90/210?
5
Suppose -6*k + 69 + 2853 = 0. What is the hundreds digit of k?
4
Suppose -8*z + h = -3*z + 8, 5*z + h = -2. What is the units digit of z*(-1 + 2)*-27?
7
Let y = 3027 + -1425. What is the tens digit of y?
0
Let o = 6 + 3. Suppose -4 = 5*l - o. What is the units digit of (5/10)/(l/6)?
3
Suppose 4*c - 290 = 2*c. Suppose -20 = -5*y + c. What is the units digit of y?
3
Suppose -4*d + 100 = 4*j, -d + 14 + 21 = 3*j. Let g be d/(-6)*156/8. Let k = -31 - g. What is the units digit of k?
4
Let c be 11/44 + 30/8. Let r = c + 2. What is the units digit of r?
6
Suppose -n + 5 = 0, 2*h + 5*n - 68 = n. Suppose -m - r = -4 - 0, 0 = m - 3*r - h. What is the units digit of 180/m + 1*-3?
7
Let x(i) = 5*i**3 - 7*i**2 + 9*i - 8. What is the tens digit of x(5)?
8
Suppose 0 = -4*t - b - 3, 0*t - b - 3 = t. Suppose t = -y + 16. What is the units digit of y?
6
Suppose 11 = 4*c - 5. Suppose 0 = v + 3*v + p - 48, c*p + 81 = 5*v. What is the units digit of v?
3
Suppose 0*v - 8649 = -9*v. What is the units digit of v?
1
Let z(q) = -q**2 - 5*q - 2. Let a be z(-4). Suppose a*s = -4*k + 20, -5*k + 46 = 3*s + 18. Let x = s - -36. What is the tens digit of x?
4
Suppose 0 = -5*k - 6*a + 8*a + 2543, 0 = -2*k + 4*a + 1030. What is the hundreds digit of k?
5
Suppose -3*o = -2*l - 2326, -5*l - 9 = 1. What is the hundreds digit of o?
7
Suppose -3*a + 2*z + 46 + 8 = 0, 2*a - 3*z - 31 = 0. Let q = 22 - a. Suppose -4*f = q*t - 74 + 16, 19 = f + 2*t. What is the units digit of f?
3
Let n be -5 + -136 + 1 + -3. Let a = n + 229. What is the tens digit of a?
8
Let o(p) = p. Let v(w) = -3*w**2 + 3*w + 8. Let n(k) = -3*o(k) - v(k). What is the tens digit of n(5)?
3
Suppose -2*d - 30 = -5*d. Suppose -63 = 6*l - 69. What is the units digit of l*3 + d + 2?
5
Let o(r) = -r**2 - 9*r. Suppose -17 + 2 = 3*b. Let t be o(b). What is the units digit of 36/10 - (-8)/t?
4
Let a(z) = 9*z - 5. Let x(g) = g**2 - 12*g + 13. Let s be x(9). Let v = 17 + s. What is the tens digit of a(v)?
2
What is the units digit of 136/(-32) - -5 - 445/(-4)?
2
Let m(g) = 29*g - 52. Let c(h) = -10*h + 17. Let d(t) = -17*c(t) - 6*m(t). What is the tens digit of d(-12)?
7
Let r = 2548 - 1993. What is the units digit of r?
5
Let i be 3 - 1 - (6 + -4). Suppose -2*c = -4*z + z + 193, -3*c + z - 279 = i. What is the tens digit of 2/3 + c/(-6)?
1
Let z be ((-6)/3)/(4/706). Let u = z - -593. What is the units digit of 2/(-7) + u/7?
4
Suppose -2*b - 49 = q, 3*b + 2*q + 84 = 4*q. Suppose -82 - 72 = -22*i. Let l = i - b. What is the tens digit of l?
3
Let c(j) = j**2 + 16*j. Let t be c(-16). Suppose t = -3*y + 4*y - 18. What is the tens digit of y?
1
Let h(i) = i**2 - i - 1. Let f(k) = -2*k**3 + k**2 + 7*k - 2. Let n(o) = -f(o) - 2*h(o). Let y be n(3). What is the tens digit of (1 - 1) + y + 2?
1
Let q(o) = 9*o + 67. Let f be q(-7). Suppose -z + 296 = -0*z + f*i, 2*z - 632 = 2*i. What is the tens digit of z?
1
Suppose -7*w + 486 = -1152. What is the tens digit of w?
3
Let s = 66 - 63. Suppose 17*w = s*w